r?
False
Is 765479863 composite?
False
Is 234369761 a prime number?
False
Is 479121037 a composite number?
True
Is 7719895151 prime?
True
Is 2492224733 composite?
True
Is 1026687521 a prime number?
True
Is 141134111 a composite number?
True
Is 143760977 composite?
True
Is 8037527423 a prime number?
True
Is 7654494227 a prime number?
True
Is 3713109857 prime?
False
Is 1692113273 composite?
True
Is 2375834089 composite?
False
Is 2079849767 prime?
True
Is 2512199063 composite?
True
Is 2330303083 composite?
False
Is 1779526243 composite?
True
Is 76311397 prime?
True
Is 1236748433 prime?
False
Is 12405079 a prime number?
False
Is 24287230609 a prime number?
False
Is 71596689727 a prime number?
True
Is 46193374393 prime?
True
Is 8331971827 prime?
False
Is 1467145319 prime?
False
Is 1930904177 prime?
True
Is 16260673973 a composite number?
False
Is 6347675387 composite?
False
Is 1041123509 a prime number?
False
Is 9203638791 a prime number?
False
Is 3528279197 a prime number?
True
Is 781876739 a prime number?
False
Is 94670773105 prime?
False
Is 6564347987 a composite number?
True
Is 27450601013 a composite number?
True
Is 1419745367 a composite number?
False
Is 991280669 a composite number?
True
Is 807102503 a prime number?
True
Is 3593225833 a prime number?
False
Is 84033608189 a prime number?
True
Is 23009692763 prime?
False
Is 3590606347 composite?
False
Is 957760007 a prime number?
True
Is 5376565993 composite?
False
Is 63711776341 prime?
True
Is 4013746967 a composite number?
False
Is 77855630849 prime?
True
Is 111181639 composite?
False
Is 320703337 a prime number?
False
Is 160529741 prime?
True
Is 777602393 a prime number?
True
Is 22150552297 prime?
False
Is 656259469 prime?
False
Is 46881385063 prime?
False
Is 1724519155 composite?
True
Is 19125389389 a prime number?
True
Is 168194483 a prime number?
True
Is 11786531 composite?
True
Is 20481440377 composite?
False
Is 1533707633 a composite number?
False
Is 222977383 composite?
False
Is 14474212969 a prime number?
True
Is 11337586567 a prime number?
False
Is 1378545001 prime?
False
Is 5074108519 a composite number?
True
Is 1990588849 a composite number?
False
Is 8556281371 composite?
True
Is 851144299 a prime number?
False
Is 289099081 a prime number?
True
Is 39436855891 a composite number?
True
Is 1139763061 a composite number?
False
Is 404392883 a prime number?
False
Is 39445843909 composite?
False
Is 17835266023 prime?
True
Is 78161762059 composite?
True
Is 80363495441 a prime number?
True
Is 1914596493 a composite number?
True
Is 3875293997 composite?
False
Is 121412381 a prime number?
False
Is 4806822291 a prime number?
False
Is 1117319699 a composite number?
False
Is 780502889 composite?
False
Is 4747711 a composite number?
True
Is 317489141 composite?
False
Is 2109573698 a prime number?
False
Is 18012375539 prime?
False
Is 28194743719 composite?
False
Is 611411429 composite?
False
Is 3160216814 a composite number?
True
Is 4460539 a composite number?
True
Is 2393220209 composite?
False
Is 477987331 prime?
True
Is 308449531 composite?
True
Is 948315707 composite?
True
Is 5442257023 a composite number?
True
Is 20904891587 prime?
True
Is 18473351381 composite?
True
Is 2974774883 a prime number?
True
Is 63646398707 prime?
True
Is 27929963183 a prime number?
True
Is 160289570893 prime?
True
Is 21373886141 a prime number?
True
Is 2167410031 a composite number?
False
Is 5085717157 composite?
True
Is 488683919 composite?
False
Is 3839691871 prime?
True
Is 4454395867 prime?
False
Is 99533369 a prime number?
False
Is 351005683 a prime number?
False
Is 19717573189 prime?
False
Is 261788399 prime?
True
Is 23659212169 a prime number?
False
Is 3349139561 a prime number?
True
Is 99925667 prime?
True
Is 6980883643 composite?
False
Is 208950193453 a prime number?
True
Is 16935940891 composite?
False
Is 2004590949 composite?
True
Is 13266721099 a prime number?
True
Is 17640013 prime?
True
Is 255663321535 a prime number?
False
Is 1310863217 a composite number?
True
Is 4528776377 a prime number?
False
Is 10239442991 prime?
True
Is 14523747191 a composite number?
True
Is 33944714693 a prime number?
False
Is 63336165085 prime?
False
Is 275185039 prime?
True
Is 5179596283 a composite number?
True
Is 2179533394 prime?
False
Is 3806806981 prime?
False
Is 158328341 composite?
False
Is 701323391 a composite number?
False
Is 761745659 a composite number?
True
Is 77835726421 a prime number?
True
Is 6392365141 composite?
True
Is 960886013 composite?
True
Is 3831467869 prime?
False
Is 101459588533 a composite number?
False
Is 10210924337 prime?
True
Is 384341723 prime?
True
Is 3071816233 a composite number?
False
Is 438491059 a prime number?
False
Is 8039721281 composite?
True
Is 252843244879 a composite number?
False
Is 1174447861 composite?
False
Is 79645997803 prime?
False
Is 326381327 composite?
True
Is 6529097923 a prime number?
False
Is 23340012989 prime?
True
Is 71880125341 a composite number?
False
Is 378116983 a prime number?
True
Is 32911964177 a composite number?
False
Is 3267686109 a prime number?
False
Is 41625715973 a composite number?
False
Is 1395462137 composite?
False
Is 2414397637 prime?
False
Is 911557477 a composite number?
True
Is 10060988837 composite?
True
Is 17822811763 composite?
False
Is 499189798409 prime?
True
Is 6698246293 a composite number?
False
Is 34831048877 prime?
True
Is 1054885201 a prime number?
True
Is 1754401123 prime?
True
Is 2670816713 a prime number?
False
Is 10564235641 composite?
True
Is 284686681 composite?
True
Is 6161593327 prime?
True
Is 188232767 prime?
False
Is 30576721366 composite?
True
Is 1666352561 prime?
True
Is 140419361 prime?
True
Is 31048938689 composite?
False
Is 8297178217 a composite number?
True
Is 523868153 a composite number?
True
Is 1256819363 a prime number?
True
Is 480846959 composite?
True
Is 1152932219 a prime number?
True
Is 9652438157 composite?
False
Is 165286221413 a composite number?
False
Is 35981903 a composite number?
False
Is 2331156293 a prime number?
False
Is 1096739767 prime?
True
Is 4588952933 prime?
True
Is 4030275287 a prime number?
False
Is 43770767597 a composite number?
False
Is 20100484381 a composite number?
False
Is 329964083 composite?
True
Is 10380332659 a prime number?
False
Is 173666848937 a composite number?
True
Is 4550611409 a prime number?
False
Is 2097167089 composite?
False
Is 456434579 prime?
True
Is 106570781 prime?
True
Is 12271980079 prime?
True
Is 2393600997 prime?
False
Is 517504051 prime?
True
Is 783011491 a composite number?
False
Is 4201567313 a composite number?
True
Is 1821417341 a prime number?
False
Is 2129897579 composite?
True
Is 1107679637 a composite number?
True
Is 834121153 a composite number?
True
Is 345047889 a composite number?
True
Is 1302816613 a prime number?
False
Is 98413546774 composite?
True
Is 18683991779 composite?
False
Is 1776528797 a composite number?
False
Is 604694213 prime?
False
Is 100561495349 prime?
False
Is 8458985267 composite?
False
Is 411426607 prime?
False
Is 4247815547 a prime number?
True
Is 6744565741 a composite number?
False
Is 652132147 a prime number?
True
Is 788977703 a prime number?
False
Is 425458987 composite?
True
Is 275244917 prime?
False
Is 2380641313 prime?
True
Is 2138396569 a prime number?
False
Is 11753314037 composite?
True
Is 355363807 a prime number?
True
Is 3293983741 composite?
True
Is 2928891241 a prime number?
True
Is 751781773 a prime number?
True
Is 151327601 a prime number?
True
Is 3655716653 a composite number?
False
Is 5930856691 composite?
True
Is 2619342163 a composite number?
False
Is 360325613 a composite number?
True
Is 1249401409 a composite number?
True
Is 1343593709 prime?
False
Is 385470677 composite?
False
Is 11408380679 a prime number?
True
Is 76482449 prime?
True
Is 5734616371 prime?
False
Is 51630316799 prime?
True
Is 17193093859 a prime number?
False
Is 571024669 a composite number?
False
Is 28096696019 prime?
False
Is 51831142391 a prime number?
False
Is 1222054991 composite?
True
Is 4204626763 prime?
False
Is 7526106557 composite?
True
Is 4535918087 a composite number?
True
Is 46432856221 a composite number?
True
Is 3879711613 a prime number?
True
Is 1955657761 prime?
True
Is 17844223413 composite?
True
Is 269926793 compo